{"id":4706,"date":"2024-07-05T15:18:22","date_gmt":"2024-07-05T13:18:22","guid":{"rendered":"https:\/\/hyll.education\/frequent-question\/qual-e-la-vostra-filosofia-educativa\/"},"modified":"2024-07-05T15:18:22","modified_gmt":"2024-07-05T13:18:22","slug":"qual-e-la-vostra-filosofia-educativa","status":"publish","type":"frequent-question","link":"https:\/\/hyll.education\/it\/frequent-question\/qual-e-la-vostra-filosofia-educativa\/","title":{"rendered":"Qual \u00e8 la vostra filosofia educativa?"},"content":{"rendered":"<div class=\"page\" title=\"Page 6\">\n<div class=\"section\">\n<div class=\"layoutArea\">\n<div class=\"column\">\n<p>Per cominciare, siamo prima di tutto educatori. Crediamo che ogni studente sia unico e che il suo percorso debba, per definizione, essere non convenzionale\u2014scelto su misura, indipendentemente da quello seguito da altri. Per alcuni studenti, questo pu\u00f2 significare anche non proseguire con una laurea (d\u2019altronde, alcune delle persone di maggior successo al mondo\u2014Steve Jobs, Bill Gates, Mark Zuckerberg\u2014hanno lasciato l\u2019universit\u00e0 prima di laurearsi). E se arrivassimo alla conclusione che questo fosse il tuo caso, te lo diremmo con sincerit\u00e0, anche se ci\u00f2 significasse che non avrai bisogno dei nostri servizi.<br \/>Come i migliori medici, anche i migliori educatori dimostrano di aver fatto bene il proprio lavoro quando\u2014alla fine\u2014non hai pi\u00f9 bisogno di loro.    <\/p>\n<\/div>\n<\/div>\n<\/div>\n<\/div>\n","protected":false},"template":"","meta":{"_acf_changed":false,"_monsterinsights_skip_tracking":false,"_monsterinsights_sitenote_active":false,"_monsterinsights_sitenote_note":"","_monsterinsights_sitenote_category":0},"class_list":["post-4706","frequent-question","type-frequent-question","status-publish","hentry"],"acf":[],"yoast_head":"<!-- This site is optimized with the Yoast SEO Premium plugin v27.5 (Yoast SEO v27.5) - https:\/\/yoast.com\/product\/yoast-seo-premium-wordpress\/ -->\n<title>Qual \u00e8 la vostra filosofia educativa? - Hyll<\/title>\n<meta name=\"robots\" content=\"index, follow, max-snippet:-1, max-image-preview:large, max-video-preview:-1\" \/>\n<link rel=\"canonical\" href=\"https:\/\/hyll.education\/it\/frequent-question\/qual-e-la-vostra-filosofia-educativa\/\" \/>\n<meta property=\"og:locale\" content=\"it_IT\" \/>\n<meta property=\"og:type\" content=\"article\" \/>\n<meta property=\"og:title\" content=\"Qual \u00e8 la vostra filosofia educativa?\" \/>\n<meta property=\"og:description\" content=\"Per cominciare, siamo prima di tutto educatori. Crediamo che ogni studente sia unico e che il suo percorso debba, per definizione, essere non convenzionale\u2014scelto su misura, indipendentemente da quello seguito da altri. Per alcuni studenti, questo pu\u00f2 significare anche non proseguire con una laurea (d\u2019altronde, alcune delle persone di maggior successo al mondo\u2014Steve Jobs, Bill [&hellip;]\" \/>\n<meta property=\"og:url\" content=\"https:\/\/hyll.education\/it\/frequent-question\/qual-e-la-vostra-filosofia-educativa\/\" \/>\n<meta property=\"og:site_name\" content=\"Hyll\" \/>\n<meta name=\"twitter:card\" content=\"summary_large_image\" \/>\n<meta name=\"twitter:label1\" content=\"Tempo di lettura stimato\" \/>\n\t<meta name=\"twitter:data1\" content=\"1 minuto\" \/>\n<script type=\"application\/ld+json\" class=\"yoast-schema-graph\">{\"@context\":\"https:\\\/\\\/schema.org\",\"@graph\":[{\"@type\":\"WebPage\",\"@id\":\"https:\\\/\\\/hyll.education\\\/it\\\/frequent-question\\\/qual-e-la-vostra-filosofia-educativa\\\/\",\"url\":\"https:\\\/\\\/hyll.education\\\/it\\\/frequent-question\\\/qual-e-la-vostra-filosofia-educativa\\\/\",\"name\":\"Qual \u00e8 la vostra filosofia educativa? - Hyll\",\"isPartOf\":{\"@id\":\"https:\\\/\\\/hyll.education\\\/it\\\/#website\"},\"datePublished\":\"2024-07-05T13:18:22+00:00\",\"breadcrumb\":{\"@id\":\"https:\\\/\\\/hyll.education\\\/it\\\/frequent-question\\\/qual-e-la-vostra-filosofia-educativa\\\/#breadcrumb\"},\"inLanguage\":\"it-IT\",\"potentialAction\":[{\"@type\":\"ReadAction\",\"target\":[\"https:\\\/\\\/hyll.education\\\/it\\\/frequent-question\\\/qual-e-la-vostra-filosofia-educativa\\\/\"]}]},{\"@type\":\"BreadcrumbList\",\"@id\":\"https:\\\/\\\/hyll.education\\\/it\\\/frequent-question\\\/qual-e-la-vostra-filosofia-educativa\\\/#breadcrumb\",\"itemListElement\":[{\"@type\":\"ListItem\",\"position\":1,\"name\":\"Home\",\"item\":\"https:\\\/\\\/hyll.education\\\/it\\\/\"},{\"@type\":\"ListItem\",\"position\":2,\"name\":\"Qual \u00e8 la vostra filosofia educativa?\"}]},{\"@type\":\"WebSite\",\"@id\":\"https:\\\/\\\/hyll.education\\\/it\\\/#website\",\"url\":\"https:\\\/\\\/hyll.education\\\/it\\\/\",\"name\":\"Hyll\",\"description\":\"College Consulting\",\"publisher\":{\"@id\":\"https:\\\/\\\/hyll.education\\\/it\\\/#organization\"},\"potentialAction\":[{\"@type\":\"SearchAction\",\"target\":{\"@type\":\"EntryPoint\",\"urlTemplate\":\"https:\\\/\\\/hyll.education\\\/it\\\/?s={search_term_string}\"},\"query-input\":{\"@type\":\"PropertyValueSpecification\",\"valueRequired\":true,\"valueName\":\"search_term_string\"}}],\"inLanguage\":\"it-IT\"},{\"@type\":\"Organization\",\"@id\":\"https:\\\/\\\/hyll.education\\\/it\\\/#organization\",\"name\":\"Hyll\",\"url\":\"https:\\\/\\\/hyll.education\\\/it\\\/\",\"logo\":{\"@type\":\"ImageObject\",\"inLanguage\":\"it-IT\",\"@id\":\"https:\\\/\\\/hyll.education\\\/it\\\/#\\\/schema\\\/logo\\\/image\\\/\",\"url\":\"https:\\\/\\\/hyll.education\\\/wp-content\\\/uploads\\\/2024\\\/07\\\/Recurso-1.svg\",\"contentUrl\":\"https:\\\/\\\/hyll.education\\\/wp-content\\\/uploads\\\/2024\\\/07\\\/Recurso-1.svg\",\"width\":139,\"height\":57,\"caption\":\"Hyll\"},\"image\":{\"@id\":\"https:\\\/\\\/hyll.education\\\/it\\\/#\\\/schema\\\/logo\\\/image\\\/\"}}]}<\/script>\n<!-- \/ Yoast SEO Premium plugin. -->","yoast_head_json":{"title":"Qual \u00e8 la vostra filosofia educativa? - Hyll","robots":{"index":"index","follow":"follow","max-snippet":"max-snippet:-1","max-image-preview":"max-image-preview:large","max-video-preview":"max-video-preview:-1"},"canonical":"https:\/\/hyll.education\/it\/frequent-question\/qual-e-la-vostra-filosofia-educativa\/","og_locale":"it_IT","og_type":"article","og_title":"Qual \u00e8 la vostra filosofia educativa?","og_description":"Per cominciare, siamo prima di tutto educatori. Crediamo che ogni studente sia unico e che il suo percorso debba, per definizione, essere non convenzionale\u2014scelto su misura, indipendentemente da quello seguito da altri. Per alcuni studenti, questo pu\u00f2 significare anche non proseguire con una laurea (d\u2019altronde, alcune delle persone di maggior successo al mondo\u2014Steve Jobs, Bill [&hellip;]","og_url":"https:\/\/hyll.education\/it\/frequent-question\/qual-e-la-vostra-filosofia-educativa\/","og_site_name":"Hyll","twitter_card":"summary_large_image","twitter_misc":{"Tempo di lettura stimato":"1 minuto"},"schema":{"@context":"https:\/\/schema.org","@graph":[{"@type":"WebPage","@id":"https:\/\/hyll.education\/it\/frequent-question\/qual-e-la-vostra-filosofia-educativa\/","url":"https:\/\/hyll.education\/it\/frequent-question\/qual-e-la-vostra-filosofia-educativa\/","name":"Qual \u00e8 la vostra filosofia educativa? - Hyll","isPartOf":{"@id":"https:\/\/hyll.education\/it\/#website"},"datePublished":"2024-07-05T13:18:22+00:00","breadcrumb":{"@id":"https:\/\/hyll.education\/it\/frequent-question\/qual-e-la-vostra-filosofia-educativa\/#breadcrumb"},"inLanguage":"it-IT","potentialAction":[{"@type":"ReadAction","target":["https:\/\/hyll.education\/it\/frequent-question\/qual-e-la-vostra-filosofia-educativa\/"]}]},{"@type":"BreadcrumbList","@id":"https:\/\/hyll.education\/it\/frequent-question\/qual-e-la-vostra-filosofia-educativa\/#breadcrumb","itemListElement":[{"@type":"ListItem","position":1,"name":"Home","item":"https:\/\/hyll.education\/it\/"},{"@type":"ListItem","position":2,"name":"Qual \u00e8 la vostra filosofia educativa?"}]},{"@type":"WebSite","@id":"https:\/\/hyll.education\/it\/#website","url":"https:\/\/hyll.education\/it\/","name":"Hyll","description":"College Consulting","publisher":{"@id":"https:\/\/hyll.education\/it\/#organization"},"potentialAction":[{"@type":"SearchAction","target":{"@type":"EntryPoint","urlTemplate":"https:\/\/hyll.education\/it\/?s={search_term_string}"},"query-input":{"@type":"PropertyValueSpecification","valueRequired":true,"valueName":"search_term_string"}}],"inLanguage":"it-IT"},{"@type":"Organization","@id":"https:\/\/hyll.education\/it\/#organization","name":"Hyll","url":"https:\/\/hyll.education\/it\/","logo":{"@type":"ImageObject","inLanguage":"it-IT","@id":"https:\/\/hyll.education\/it\/#\/schema\/logo\/image\/","url":"https:\/\/hyll.education\/wp-content\/uploads\/2024\/07\/Recurso-1.svg","contentUrl":"https:\/\/hyll.education\/wp-content\/uploads\/2024\/07\/Recurso-1.svg","width":139,"height":57,"caption":"Hyll"},"image":{"@id":"https:\/\/hyll.education\/it\/#\/schema\/logo\/image\/"}}]}},"_links":{"self":[{"href":"https:\/\/hyll.education\/it\/wp-json\/wp\/v2\/frequent-question\/4706","targetHints":{"allow":["GET"]}}],"collection":[{"href":"https:\/\/hyll.education\/it\/wp-json\/wp\/v2\/frequent-question"}],"about":[{"href":"https:\/\/hyll.education\/it\/wp-json\/wp\/v2\/types\/frequent-question"}],"wp:attachment":[{"href":"https:\/\/hyll.education\/it\/wp-json\/wp\/v2\/media?parent=4706"}],"curies":[{"name":"wp","href":"https:\/\/api.w.org\/{rel}","templated":true}]}}

Qual è la vostra filosofia educativa?

<div class="page" title="Page 6">
<div class="section">
<div class="layoutArea">
<div class="column">
<p>Per cominciare, siamo prima di tutto educatori. Crediamo che ogni studente sia unico e che il suo percorso debba, per definizione, essere non convenzionale—scelto su misura, indipendentemente da quello seguito da altri. Per alcuni studenti, questo può significare anche non proseguire con una laurea (d’altronde, alcune delle persone di maggior successo al mondo—Steve Jobs, Bill Gates, Mark Zuckerberg—hanno lasciato l’università prima di laurearsi). E se arrivassimo alla conclusione che questo fosse il tuo caso, te lo diremmo con sincerità, anche se ciò significasse che non avrai bisogno dei nostri servizi.<br />Come i migliori medici, anche i migliori educatori dimostrano di aver fatto bene il proprio lavoro quando—alla fine—non hai più bisogno di loro.    </p>
</div>
</div>
</div>
</div>

<!-- This site is optimized with the Yoast SEO Premium plugin v27.5 (Yoast SEO v27.5) - https://yoast.com/product/yoast-seo-premium-wordpress/ -->
<title>Qual è la vostra filosofia educativa? - Hyll</title>
<meta name="robots" content="index, follow, max-snippet:-1, max-image-preview:large, max-video-preview:-1" />
<link rel="canonical" href="https://hyll.education/it/frequent-question/qual-e-la-vostra-filosofia-educativa/" />
<meta property="og:locale" content="it_IT" />
<meta property="og:type" content="article" />
<meta property="og:title" content="Qual è la vostra filosofia educativa?" />
<meta property="og:description" content="Per cominciare, siamo prima di tutto educatori. Crediamo che ogni studente sia unico e che il suo percorso debba, per definizione, essere non convenzionale—scelto su misura, indipendentemente da quello seguito da altri. Per alcuni studenti, questo può significare anche non proseguire con una laurea (d’altronde, alcune delle persone di maggior successo al mondo—Steve Jobs, Bill [&hellip;]" />
<meta property="og:url" content="https://hyll.education/it/frequent-question/qual-e-la-vostra-filosofia-educativa/" />
<meta property="og:site_name" content="Hyll" />
<meta name="twitter:card" content="summary_large_image" />
<meta name="twitter:label1" content="Tempo di lettura stimato" />
	<meta name="twitter:data1" content="1 minuto" />
<script type="application/ld+json" class="yoast-schema-graph">{"@context":"https:\/\/schema.org","@graph":[{"@type":"WebPage","@id":"https:\/\/hyll.education\/it\/frequent-question\/qual-e-la-vostra-filosofia-educativa\/","url":"https:\/\/hyll.education\/it\/frequent-question\/qual-e-la-vostra-filosofia-educativa\/","name":"Qual è la vostra filosofia educativa? - Hyll","isPartOf":{"@id":"https:\/\/hyll.education\/it\/#website"},"datePublished":"2024-07-05T13:18:22+00:00","breadcrumb":{"@id":"https:\/\/hyll.education\/it\/frequent-question\/qual-e-la-vostra-filosofia-educativa\/#breadcrumb"},"inLanguage":"it-IT","potentialAction":[{"@type":"ReadAction","target":["https:\/\/hyll.education\/it\/frequent-question\/qual-e-la-vostra-filosofia-educativa\/"]}]},{"@type":"BreadcrumbList","@id":"https:\/\/hyll.education\/it\/frequent-question\/qual-e-la-vostra-filosofia-educativa\/#breadcrumb","itemListElement":[{"@type":"ListItem","position":1,"name":"Home","item":"https:\/\/hyll.education\/it\/"},{"@type":"ListItem","position":2,"name":"Qual è la vostra filosofia educativa?"}]},{"@type":"WebSite","@id":"https:\/\/hyll.education\/it\/#website","url":"https:\/\/hyll.education\/it\/","name":"Hyll","description":"College Consulting","publisher":{"@id":"https:\/\/hyll.education\/it\/#organization"},"potentialAction":[{"@type":"SearchAction","target":{"@type":"EntryPoint","urlTemplate":"https:\/\/hyll.education\/it\/?s={search_term_string}"},"query-input":{"@type":"PropertyValueSpecification","valueRequired":true,"valueName":"search_term_string"}}],"inLanguage":"it-IT"},{"@type":"Organization","@id":"https:\/\/hyll.education\/it\/#organization","name":"Hyll","url":"https:\/\/hyll.education\/it\/","logo":{"@type":"ImageObject","inLanguage":"it-IT","@id":"https:\/\/hyll.education\/it\/#\/schema\/logo\/image\/","url":"https:\/\/hyll.education\/wp-content\/uploads\/2024\/07\/Recurso-1.svg","contentUrl":"https:\/\/hyll.education\/wp-content\/uploads\/2024\/07\/Recurso-1.svg","width":139,"height":57,"caption":"Hyll"},"image":{"@id":"https:\/\/hyll.education\/it\/#\/schema\/logo\/image\/"}}]}</script>
<!-- / Yoast SEO Premium plugin. -->

Qual è la vostra filosofia educativa? - Hyll

Per cominciare, siamo prima di tutto educatori. Crediamo che ogni studente sia unico e che il suo percorso debba, per definizione, essere non convenzionale—scelto su misura, indipendentemente da quello seguito da altri. Per alcuni studenti, questo può significare anche non proseguire con una laurea (d’altronde, alcune delle persone di maggior successo al mondo—Steve Jobs, Bill [&hellip;]
